{"id":268,"date":"2025-10-16T14:32:59","date_gmt":"2025-10-16T12:32:59","guid":{"rendered":"https:\/\/votoamireina.com\/?page_id=268"},"modified":"2025-10-24T18:17:57","modified_gmt":"2025-10-24T16:17:57","slug":"mini-belleza-paraguaya","status":"publish","type":"page","link":"https:\/\/votoamireina.com\/index.php\/mini-belleza-paraguaya\/","title":{"rendered":"MINI BELLEZA PARAGUAYA"},"content":{"rendered":"<p>[et_pb_section fb_built=\u00bb1&#8243; _builder_version=\u00bb4.27.4&#8243; _module_preset=\u00bbdefault\u00bb global_colors_info=\u00bb{}\u00bb][et_pb_row column_structure=\u00bb1_2,1_2&#8243; _builder_version=\u00bb4.27.4&#8243; _module_preset=\u00bbdefault\u00bb global_colors_info=\u00bb{}\u00bb][et_pb_column type=\u00bb1_2&#8243; _builder_version=\u00bb4.27.4&#8243; _module_preset=\u00bbdefault\u00bb global_colors_info=\u00bb{}\u00bb][et_pb_text _builder_version=\u00bb4.27.4&#8243; _module_preset=\u00bbdefault\u00bb text_font=\u00bbAkshar||||||||\u00bb text_text_color=\u00bb#1E40AF\u00bb text_font_size=\u00bb53px\u00bb text_line_height=\u00bb1em\u00bb background_enable_color=\u00bboff\u00bb text_orientation=\u00bbcenter\u00bb hover_enabled=\u00bb0&#8243; text_text_shadow_style=\u00bbpreset2&#8243; locked=\u00bboff\u00bb global_colors_info=\u00bb{}\u00bb sticky_enabled=\u00bb0&#8243;]<\/p>\n<section class=\"elementor-section elementor-inner-section elementor-element elementor-element-602ebf3b elementor-section-boxed elementor-section-height-default elementor-section-height-default\" data-id=\"602ebf3b\" data-element_type=\"section\">\n<div class=\"elementor-container elementor-column-gap-default\">\n<div class=\"elementor-column elementor-col-100 elementor-inner-column elementor-element elementor-element-37b882f4\" data-id=\"37b882f4\" data-element_type=\"column\">\n<div class=\"elementor-widget-wrap elementor-element-populated\">\n<div class=\"elementor-element elementor-element-1cd4161 elementor-widget elementor-widget-spacer\" data-id=\"1cd4161\" data-element_type=\"widget\" data-widget_type=\"spacer.default\">\n<div class=\"elementor-widget-container\">\n<div class=\"elementor-spacer\">\n<div class=\"elementor-spacer-inner\">\n<div class=\"elementor-widget-container\">\n<p class=\"a13ree-written-headline\" data-speed=\"82\" data-loop=\"1\"><span class=\"before-written\">MINI BELLEZA PARAGUAYA<\/span><\/p>\n<\/div>\n<\/div>\n<\/div>\n<\/div>\n<\/div>\n<\/div>\n<\/div>\n<\/div>\n<\/section>\n<p>[\/et_pb_text][et_pb_text _builder_version=\u00bb4.27.4&#8243; _module_preset=\u00bbdefault\u00bb text_font=\u00bbPoppins||||||||\u00bb text_text_color=\u00bb#000000&#8243; text_font_size=\u00bb17px\u00bb text_letter_spacing=\u00bb2px\u00bb text_line_height=\u00bb1.9em\u00bb global_colors_info=\u00bb{}\u00bb]<\/p>\n<p>Mini Belleza Paraguaya celebra su 8\u00aa edici\u00f3n, consolid\u00e1ndose como el certamen infantil m\u00e1s importante del pa\u00eds, dedicado a promover la elegancia, el talento y la confianza de las ni\u00f1as paraguayas.<br \/>A lo largo de sus ediciones, ha formado a decenas de peque\u00f1as embajadoras que hoy brillan en escenarios internacionales, logrando m\u00faltiples coronas y reconocimientos para Paraguay.<br \/>M\u00e1s que un concurso, Mini Belleza Paraguaya es una plataforma de crecimiento, formaci\u00f3n y orgullo nacional.<\/p>\n<p>[\/et_pb_text][et_pb_button button_text=\u00bbVOTAR\u00bb _builder_version=\u00bb4.27.4&#8243; _module_preset=\u00bbdefault\u00bb custom_button=\u00bbon\u00bb button_text_color=\u00bb#1E40AF\u00bb button_bg_color=\u00bb#CBD5E1&#8243; button_border_color=\u00bb#CBD5E1&#8243; button_font=\u00bbPoppins||||||||\u00bb global_colors_info=\u00bb{}\u00bb][\/et_pb_button][\/et_pb_column][et_pb_column type=\u00bb1_2&#8243; _builder_version=\u00bb4.27.4&#8243; _module_preset=\u00bbdefault\u00bb global_colors_info=\u00bb{}\u00bb][et_pb_image src=\u00bbhttps:\/\/votoamireina.com\/wp-content\/uploads\/2025\/10\/WhatsApp-Image-2025-10-15-at-21.01.35-31.jpeg\u00bb title_text=\u00bbWhatsApp Image 2025-10-15 at 21.01.35 (3)(1)\u00bb _builder_version=\u00bb4.27.4&#8243; _module_preset=\u00bbdefault\u00bb hover_enabled=\u00bb0&#8243; global_colors_info=\u00bb{}\u00bb sticky_enabled=\u00bb0&#8243;][\/et_pb_image][\/et_pb_column][\/et_pb_row][\/et_pb_section]<\/p>\n","protected":false},"excerpt":{"rendered":"<p>MINI BELLEZA PARAGUAYA Mini Belleza Paraguaya celebra su 8\u00aa edici\u00f3n, consolid\u00e1ndose como el certamen infantil m\u00e1s importante del pa\u00eds, dedicado a promover la elegancia, el talento y la confianza de las ni\u00f1as paraguayas.A lo largo de sus ediciones, ha formado a decenas de peque\u00f1as embajadoras que hoy brillan en escenarios internacionales, logrando m\u00faltiples coronas y reconocimientos para Paraguay.M\u00e1s que un concurso, Mini Belleza Paraguaya es una plataforma de crecimiento, formaci\u00f3n y orgullo nacional.<\/p>\n","protected":false},"author":1,"featured_media":0,"parent":0,"menu_order":0,"comment_status":"closed","ping_status":"closed","template":"","meta":{"_et_pb_use_builder":"on","_et_pb_old_content":"<!-- wp:divi\/placeholder \/-->","_et_gb_content_width":"","footnotes":""},"class_list":["post-268","page","type-page","status-publish","hentry"],"_links":{"self":[{"href":"https:\/\/votoamireina.com\/index.php\/wp-json\/wp\/v2\/pages\/268","targetHints":{"allow":["GET"]}}],"collection":[{"href":"https:\/\/votoamireina.com\/index.php\/wp-json\/wp\/v2\/pages"}],"about":[{"href":"https:\/\/votoamireina.com\/index.php\/wp-json\/wp\/v2\/types\/page"}],"author":[{"embeddable":true,"href":"https:\/\/votoamireina.com\/index.php\/wp-json\/wp\/v2\/users\/1"}],"replies":[{"embeddable":true,"href":"https:\/\/votoamireina.com\/index.php\/wp-json\/wp\/v2\/comments?post=268"}],"version-history":[{"count":8,"href":"https:\/\/votoamireina.com\/index.php\/wp-json\/wp\/v2\/pages\/268\/revisions"}],"predecessor-version":[{"id":505,"href":"https:\/\/votoamireina.com\/index.php\/wp-json\/wp\/v2\/pages\/268\/revisions\/505"}],"wp:attachment":[{"href":"https:\/\/votoamireina.com\/index.php\/wp-json\/wp\/v2\/media?parent=268"}],"curies":[{"name":"wp","href":"https:\/\/api.w.org\/{rel}","templated":true}]}}